t. Calculate the remainder when a is divided by 9.
0
Suppose -8*g = -13*g + 1560. Suppose -16*j + 216 = -g. Calculate the remainder when 130 is divided by j.
31
Let i be (-5)/10 + 4948/(-8). Let j = -322 - i. What is the remainder when j is divided by 25?
22
What is the remainder when (-2 + 44/5)/((-5)/(-46325)*34) is divided by 64?
61
Let k = 116 + -69. Suppose 0 = a + 30 - k. Suppose -14*i + 279 = -5*i. Calculate the remainder when i is divided by a.
14
Let t(k) = -k**3 + 78*k**2 - 289*k - 474. Calculate the remainder when 4663 is divided by t(74).
43
What is the remainder when 578 is divided by 297/(-66)*(1 + -19)?
11
Suppose 4*o + 4*o = -4*o. Suppose -4*h = o, 3*h + 84 + 98 = t. What is the remainder when t is divided by 37?
34
Suppose a = -5*l + 14933, -3*a + 13964 = 5*l - 30825. What is the remainder when a is divided by 27?
24
Suppose 2*y - 55 = -9*y. Suppose y = -4*s - 15. Calculate the remainder when 34 is divided by 9/12*(13 + s).
4
Let z = 27 + -22. Calculate the remainder when (0 + -2 - -1)/1*-49 is divided by z*(7 + -2 + -3).
9
Let b = -4335 - -4600. What is the remainder when 1109 is divided by b?
49
Let s(y) = 2*y**3 - 31*y**2 + 272*y + 9. What is the remainder when s(11) is divided by 33?
31
Let k(a) = 181*a**2 + 74*a + 646. Calculate the remainder when k(-13) is divided by 29.
26
Suppose -4*h = -3*u - 363, 0 = -h + 4*u - 42 + 123. Suppose 13*q = 17*q - 1024. Suppose 11*d = 19*d - q. What is the remainder when h is divided by d?
29
Let g(i) = -i**3 + 17*i**2 - 35*i + 8. Let l = -6 - -16. Calculate the remainder when g(3) is divided by l.
9
Suppose -926 = -48*v + 1906. Calculate the remainder when 1408 is divided by v.
51
Suppose 38*z + 12027 = 178*z - 10093. Calculate the remainder when z is divided by 53.
52
Let f = 72 - -137. Suppose -8*k - f + 985 = 0. What is the remainder when k is divided by 20?
17
Let s = -2076 - -2097. Calculate the remainder when 1737 is divided by s.
15
Let g = 17200 + -16995. What is the remainder when 2040 is divided by g?
195
Suppose 295 = 3*x - 264 + 529. What is the remainder when 1336 is divided by x?
6
Suppose 121*j - 34075 = 65294 + 26229. What is the remainder when j is divided by 6?
0
Let t(j) = j**3 + 12*j**2 - 13*j - 9. Let k be t(-13). Let x(b) = -b + 5. Let m = 81 - 26. What is the remainder when m is divided by x(k)?
13
Let q(s) = 6*s - 11 - 33*s - 23*s**2 + 9*s**2 + 3 - s**3. Calculate the remainder when q(-12) is divided by 8.
4
Suppose 46 = 10*v - 4. Suppose 4*b = -v*b + 36. Suppose -k - 2 = 3*m - 252, 0 = -3*m + b*k + 260. Calculate the remainder when m is divided by 29.
26
Suppose 2*g - 5*g = -831. Calculate the remainder when g is divided by ((-3)/(-2))/(69/920).
17
Let t(d) = d**3 - 8*d**2 - 15*d + 51. What is the remainder when t(10) is divided by (0 - (-12)/(-42)) + 256/14?
11
Suppose 0 = 11*m - 14*m - 12*m + 9660. What is the remainder when m is divided by 14?
0
Let f(t) = 5*t - 32. Let g be f(7). Suppose 12*p = g*p + 432. Let r(m) = m**2 - 4*m - 4. What is the remainder when p is divided by r(7)?
14
Let v = 2318 + -2222. Calculate the remainder when 14877 is divided by v.
93
Let d(m) = m. Let s be d(3). Suppose -2 = 2*b + 5*f, 2*f - s = 3*b - 3*f. Calculate the remainder when 2/(-12) - (-565)/6 - b is divided by 33.
29
Suppose -6*r + 48 = -2*r. Let g be (-3)/r - (138/(-8) + 1). What is the remainder when 5 + g/(-3) + 43/3 is divided by 3?
2
Suppose -4*y + 269 + 80 = v, 1005 = 3*v - 2*y. Let d = -296 + v. What is the remainder when d is divided by 13?
2
Let f(x) = 2*x**2 - 20*x - 45. Let a(p) = -5*p**2 + 61*p + 135. Let l(r) = -3*a(r) - 8*f(r). Let z = 13 - 9. What is the remainder when l(-20) is divided by z?
3
Suppose -101*b = -296*b + 2841930. What is the remainder when b is divided by 339?
336
Let b = 1889 - 1859. Suppose 2*n - 487 = 5*s - 10*s, -3*s - 2*n + 289 = 0. What is the remainder when s is divided by b?
9
Let z(t) = 209*t**2 - 6*t + 7. Let y be z(1). Let j = -197 + y. Let k = 54 - 13. Calculate the remainder when k is divided by j.
2
Let j(y) = -9*y - 39. Suppose 0 = 32*z - 28*z + 20. Calculate the remainder when 91 is divided by j(z).
1
Let p(m) = 16*m**3 + 5*m**2 - 4*m - 2. Let l be p(2). Suppose 0 = 25*i - 24*i - l. What is the remainder when i is divided by 71?
67
Suppose 33*x - 38*x = 1350. Calculate the remainder when ((-24)/(-72))/((-2)/x) is divided by 16.
13
Suppose 2*w - t - 141 - 882 = 0, 0 = -4*w - 5*t + 2011. Let q = 529 - w. What is the remainder when 195 is divided by q?
15
Suppose -903*g = -840*g - 107352. Calculate the remainder when g is divided by 16.
8
Calculate the remainder when 32478 is divided by ((-92)/(-552))/(1/156) + 1.
24
Suppose -4*s + 21 = j, 14 = 3*s - 4*j + 3*j. Suppose 0 = 6*l - s*l - 15. What is the remainder when 71/3 + 12/(-18) is divided by l?
8
Suppose -217*s + 23816 = -165*s. Calculate the remainder when s is divided by 115.
113
Let r = -24650 - -24655. Let x be 2 + 0 + -1 - -82. Suppose r*h - 177 = x. What is the remainder when 202 is divided by h?
46
Let f(o) = -15*o**2 - 3*o**2 - 18 + 0*o + 26*o + o**3. Let l = -87 + 104. Calculate the remainder when f(l) is divided by 34.
33
Suppose -85 + 301 = 8354*h - 8300*h. What is the remainder when 1925 is divided by h?
1
Suppose 5*a - 5*g - 680 = 0, 0 = g - 0*g + 1. Let q = 21219 - 21213. Calculate the remainder when a is divided by q.
3
Let b(a) = a**2 - 16*a - 80. What is the remainder when b(28) is divided by 35?
11
Suppose 5*z - l - 263 = -2*l, 3*z = -2*l + 155. Let w = z - 42. Let f = -28 - -82. What is the remainder when f is divided by w?
10
Suppose 1793 = 4*i + 777. What is the remainder when 1118 is divided by i?
102
Let l = -397 - -440. Let r = -151 + 234. What is the remainder when r is divided by l?
40
Let t(z) = 2*z**3 - 15*z**2 + 11*z - 18. Let b be t(6). Calculate the remainder when (-1001)/(-4) - (-15)/b is divided by 23.
20
Suppose -5*s = -s - 32. Calculate the remainder when ((-365)/(-146))/((2/4)/(10 - 8)) is divided by s.
2
Suppose 3*p - 70*p = -8728 - 30735. Calculate the remainder when p is divided by 35.
29
Let f = 79312 - 79259. Let u be (-45)/(2 - -1)*-7. Suppose 0 = -4*y - 25 + u. What is the remainder when f is divided by y?
13
Suppose -19 + 3 = -4*n. Suppose n*d - 60 = -4*f - 0*f, f - 18 = -2*d. Let x(k) = 4*k**3 - 14*k**2 - 2*k + 23. Calculate the remainder when x(4) is divided by f.
11
Let d = 6 + -4. Let f(l) = l**3 + 72*l**2 + 203*l - 266. Let v be f(-69). What is the remainder when v*(-10)/d*330/(-375) is divided by 9?
8
Suppose -3*c + 32*d + 1293 = 28*d, 0 = 2*c - 3*d - 864. Calculate the remainder when c is divided by 383.
40
What is the remainder when 919 is divided by 10 - 336/35 - ((-3140)/25 - 3)?
16
Suppose 181*p + 47696 - 253891 = -72*p. Calculate the remainder when p is divided by 102.
101
Let v(o) = -o**2 + 38*o + 841. What is the remainder when 93 is divided by v(-15)?
1
Suppose -3*m = n - 127, 3*n + n = 4*m + 572. Calculate the remainder when n is divided by (84/4)/(51/68).
27
Suppose 0 = -5*s - c + 38737, -s - 3*s + 30956 = 5*c. Calculate the remainder when s is divided by 114.
111
Let l(u) = -6 + 3*u**2 + u**2 + 15*u + 3*u - 6*u**2. What is the remainder when 49 is divided by l(8)?
9
What is the remainder when (-35)/105*(-1 + -1 + -1)*570 is divided by 527?
43
Let y(w) = -w**3 - 3*w**2 + 8*w - 15. Let f be y(-6). Calculate the remainder when 181 is divided by (-6)/f + 848/60.
13
Let z(m) = 2*m**2 - 6*m + 5. Let d = -347 + 206. Let y = d + 239. Calculate the remainder when y is divided by z(5).
23
Let g be (-4354)/4*(-174)/203. Suppose 131 + g = 56*q. What is the remainder when 218 is divided by q?
9
Let r(o) = 4*o**2 + 24*o - 30. Let k be r(-10). Suppose -140 = -5*n + k. What is the remainder when n is divided by 19?
16
Suppose -21*d - 1115 = -11279. What is the remainder when d is divided by 118?
12
Let l(a) = -9*a + 81. Let w be l(-11). Let d = -146 + w. What is the remainder when 64 is divided by d?
30
Let t = 247 + -242. Let j(s) = -2*s**2 + 10*s + 8. Calculate the remainder when 9 is divided by j(t).
1
Let u = 10623 - 10554. Calculate the remainder when 123 is divided by u.
54
Let j = 17685 - 12558. Calculate the remainder when j is divided by 90.
87
Suppose 4*w + 5*u = 244, 50*u - 54*u = 16. Calculate the remainder when 249